culate the remainder when 35209 is divided by 400.
9
Calculate the remainder when 5635696 is divided by 2591.
271
Calculate the remainder when 4526839 is divided by 542.
55
What is the remainder when 1641649 is divided by 419?
7
What is the remainder when 94569 is divided by 17609?
6524
What is the remainder when 5323 is divided by 46?
33
What is the remainder when 1392277 is divided by 118?
113
What is the remainder when 169320 is divided by 16648?
2840
Calculate the remainder when 290310423 is divided by 21.
18
Calculate the remainder when 7955982 is divided by 152.
150
Calculate the remainder when 108367 is divided by 625.
242
What is the remainder when 1650104 is divided by 1252?
1220
Calculate the remainder when 4479012 is divided by 1493002.
6
Calculate the remainder when 86026941 is divided by 2966446.
7
What is the remainder when 324253 is divided by 54042?
1
Calculate the remainder when 135251 is divided by 67581.
89
What is the remainder when 95642 is divided by 6825?
92
What is the remainder when 1419069 is divided by 2061?
1101
What is the remainder when 188359 is divided by 124?
3
What is the remainder when 35206079 is divided by 448?
447
Calculate the remainder when 13884137 is divided by 283349.
36
Calculate the remainder when 814418 is divided by 162881.
13
What is the remainder when 207780 is divided by 1186?
230
Calculate the remainder when 124451 is divided by 41380.
311
What is the remainder when 214929 is divided by 1236?
1101
What is the remainder when 339030 is divided by 2669?
67
What is the remainder when 15979486 is divided by 79?
77
Calculate the remainder when 400067749 is divided by 250.
249
What is the remainder when 10414957 is divided by 236703?
25
Calculate the remainder when 450457 is divided by 88011.
10402
What is the remainder when 932997 is divided by 310986?
39
What is the remainder when 663471 is divided by 27643?
39
Calculate the remainder when 1345364 is divided by 64062.
62
What is the remainder when 79239 is divided by 2476?
7
Calculate the remainder when 20868 is divided by 4185.
4128
Calculate the remainder when 93512739 is divided by 181.
175
Calculate the remainder when 7456916 is divided by 19419.
20
Calculate the remainder when 21266247 is divided by 25.
22
What is the remainder when 1615859 is divided by 36?
35
Calculate the remainder when 2435999 is divided by 57991.
377
Calculate the remainder when 117476 is divided by 57187.
3102
What is the remainder when 33953991 is divided by 57?
3
What is the remainder when 1086987 is divided by 47260?
7
What is the remainder when 8231465 is divided by 22?
11
What is the remainder when 366649 is divided by 122208?
25
What is the remainder when 107514183 is divided by 107514155?
28
What is the remainder when 29715685 is divided by 123?
115
What is the remainder when 17874574 is divided by 3938?
3930
Calculate the remainder when 12277 is divided by 1901.
871
What is the remainder when 60758 is divided by 1175?
833
What is the remainder when 4065046 is divided by 3354?
3352
What is the remainder when 1361530 is divided by 1850?
1780
What is the remainder when 14713077 is divided by 3678269?
1
What is the remainder when 79279011 is divided by 6?
3
What is the remainder when 7910357 is divided by 85982?
13
What is the remainder when 2256094 is divided by 1972?
126
Calculate the remainder when 2700034 is divided by 537.
535
Calculate the remainder when 380741 is divided by 188463.
3815
Calculate the remainder when 30780158 is divided by 2768.
2766
Calculate the remainder when 23535650 is divided by 3328.
34
Calculate the remainder when 288833 is divided by 1633.
1425
Calculate the remainder when 11321444 is divided by 248.
244
Calculate the remainder when 33987181 is divided by 11329059.
4
What is the remainder when 10760789 is divided by 256206?
137
What is the remainder when 397363 is divided by 257?
41
What is the remainder when 33866 is divided by 10947?
1025
What is the remainder when 153196 is divided by 21433?
3165
What is the remainder when 49526 is divided by 1250?
776
Calculate the remainder when 38881630 is divided by 360015.
10
Calculate the remainder when 97540 is divided by 48664.
212
What is the remainder when 3815408 is divided by 293492?
12
Calculate the remainder when 10121 is divided by 2713.
1982
What is the remainder when 2678189 is divided by 689?
46
Calculate the remainder when 40279 is divided by 4686.
2791
What is the remainder when 1342367 is divided by 213?
41
What is the remainder when 8099534 is divided by 80?
14
What is the remainder when 4572049 is divided by 5304?
1
Calculate the remainder when 4192323 is divided by 2096133.
57
What is the remainder when 19012 is divided by 4583?
680
What is the remainder when 57105 is divided by 53462?
3643
Calculate the remainder when 609949 is divided by 29044.
25
Calculate the remainder when 5889228 is divided by 3270.
3228
Calculate the remainder when 15595798 is divided by 25359.
13
What is the remainder when 53362 is divided by 8736?
946
What is the remainder when 219512 is divided by 17?
8
Calculate the remainder when 64124 is divided by 31836.
452
Calculate the remainder when 1639037 is divided by 793.
699
What is the remainder when 2766448 is divided by 230537?
4
Calculate the remainder when 1587336 is divided by 3106.
170
What is the remainder when 292615633 is divided by 62?
61
What is the remainder when 9290384 is divided by 3096718?
230
What is the remainder when 3938828 is divided by 106?
80
Calculate the remainder when 899319 is divided by 179860.
19
What is the remainder when 242032 is divided by 1241?
37
Calculate the remainder when 1250296 is divided by 139.
130
Calculate the remainder when 69936 is divided by 23293.
57
Calculate the remainder when 362417 is divided by 2945.
182
Calculate the remainder when 3687187 is divided by 1491.
1435
What is the remainder when 732753 is divided by 366265?
223
Calculate the remainder when 2138531 is divided by 178064.
1763
What is the remainder when 219020147 is divided by 73?
72
Calculate the remainder when 192597507 is divided by 15.
12
What is the remainder when 15209133 is divided by 588?
513
What is the remainder when 499815 is divided by 499750?
65
What is the remainder when 79581097 is divided by 57584?
9
Calculate the remainder when 6041282 is divided by 203.
2
Calculate the remainder when 82479 is divided by 1954.
411
Calculate the remainder when 10481903 is divided by 1602.
17
What is the remainder when 4079593 is divided by 214705?
198
What is the remainder when 1180992 is divided by 1652?
1464
Calculate the remainder when 30604 is divided by 3755.
564
Calculate the remainder when 204997 is divided by 107.
92
What is the remainder when 193751 is divided by 1153?
47
What is the remainder when 85481688 is divided by 221?
214
What is the remainder when 854990 is divided by 22?
4
What is the remainder when 96237 is divided by 8512?
2605
Calculate the remainder when 808879 is divided by 2592.
175
Calculate the remainder when 32784 is divided by 1171.
1167
What is the remainder when 36297920 is divided by 219?
203
What is the remainder when 132030202 is divided by 66015094?
14
What is the remainder when 321752 is divided by 20?
12
Calculate the remainder when 13690 is divided by 4963.
3764
What is the remainder when 563133 is divided by 683?
341
What is the remainder when 523677082 is divided by 14?
12
Calculate the remainder when 198780147 is divided by 1370.
1367
What is the remainder when 2534087 is divided by 462?
17
What is the remainder when 98186189 is divided by 1505?
1494
Calculate the remainder when 32668637 is divided by 80.
77
What is the remainder when 156131086 is divided by 19516385?
6
What is the remainder when 47150128 is divided by 31?
27
What is the remainder when 58189765 is divided by 536?
533
Calculate the remainder when 1650587 is divided by 2563.
15
What is the remainder when 59844405 is divided by 893?
10
What is the remainder when 7541031 is divided by 8?
7
What is the remainder when 7266588 is divided by 54636?
0
Calculate the remainder when 4837638 is divided by 104.
78
What is the remainder when 47983 is divided by 756?
355
What is the remainder when 10085 is divided by 1960?
285
Calculate the remai